{"id":15,"date":"2018-10-04T05:21:14","date_gmt":"2018-10-04T05:21:14","guid":{"rendered":"https:\/\/www.bernarddumez.com\/oser-com\/?page_id=15"},"modified":"2018-10-04T06:20:35","modified_gmt":"2018-10-04T06:20:35","slug":"approches-du-coaching","status":"publish","type":"page","link":"https:\/\/www.bernarddumez.com\/oser-com\/approches-du-coaching\/","title":{"rendered":"Approches du coaching"},"content":{"rendered":"\n<h4 class=\"wp-block-heading\"><a><strong>La communication relationnelle selon la M\u00e9thode ESPERE\u00ae<\/strong> <\/a>de Jacques Salom\u00e9<\/h4>\n\n\n\n<p>Le but de cette M\u00e9thode essentiellement p\u00e9dagogique est de d\u00e9mystifier le syst\u00e8me de communication dans lequel nous vivons depuis toujours et de nous permettre de nous \u00e9loigner de ses effets pervers. Il s\u2019agit effectivement d\u2019un \u00ab\u00a0syst\u00e8me\u00a0\u00bb que l\u2019on peut qualifier d\u2019ancestral car il s\u2019est construit au fil des \u00e2ges \u00ab\u00a0pour notre bien\u00a0\u00bb, en toute bonne foi, et ce dans toutes les soci\u00e9t\u00e9s du monde. Il est bas\u00e9 sur des injonctions, des menaces, des d\u00e9valorisations, de la culpabilisation et du chantage, lesquels conduisent \u00e0 des relations dominant\/domin\u00e9, nocives \u00e0 terme.<br\/><br\/>Jacques Salom\u00e9 a appel\u00e9 ce syst\u00e8me le syst\u00e8me <strong>SAPPE<\/strong> (avec 2 P!) parce qu\u2019il rend <strong>S<\/strong>ourd et <strong>A<\/strong>veugle, qu\u2019il est <strong>P<\/strong>ervers et <strong>P<\/strong>ernicieux, et qu\u2019il \u00ab\u00a0bouffe\u00a0\u00bb litt\u00e9ralement notre <strong>E<\/strong>nergie, sans que vraiment\u00a0 nous nous en rendions compte, tellement il est ancr\u00e9 en nous!<br\/><br\/>La mise en application quotidienne de la M\u00e9thode <strong>ESPERE<\/strong>\u00ae va induire et installer dans nos relations interpersonnelles, une <strong>E<\/strong>nergie\u00a0 <strong>S<\/strong>p\u00e9cifique qui nous <strong>P<\/strong>ermet d\u2019\u00e9tablir une v\u00e9ritable <strong>E<\/strong>cologie <strong>R<\/strong>elationnelle, qui est <strong>E<\/strong>ssentielle \u00e0 notre \u00e9quilibre de vie.<br\/><br\/>La <strong>M\u00e9thode ESPERE<\/strong>\u00ae est bas\u00e9e sur des <strong>concepts<\/strong> issus de diff\u00e9rents domaines qui ont \u00e9t\u00e9 adapt\u00e9s par Jacques Salom\u00e9 en autant d\u2019<strong>outils simples<\/strong> et pratiques, sur une s\u00e9rie de <strong>r\u00e8gles d\u2019hygi\u00e8ne relationnelle<\/strong> utilisables chaque jour dans chacune de nos relations, et enfin sur <strong>des d\u00e9marches et actes symboliques<\/strong>\u2026<br\/><br\/>La\u00a0 M\u00e9thode ESPERE\u00ae\u00a0 est\u00a0 donc une m\u00e9thode p\u00e9dagogique de communication relationnelle (qui s&rsquo;enseigne et s\u2019apprend!) et qui, bien qu&rsquo;elle ne soit pas faite pour cela, peut avoir des effets th\u00e9rapeutiques significatifs.<em><\/em><\/p>\n\n\n\n<blockquote class=\"wp-block-quote is-layout-flow wp-block-quote-is-layout-flow\"><p><em>\u00abNous nous construisons en nourrissant tous les jours les \u00ab\u00a0forces vives du moi\u00a0\u00bb et une image positive\u00bb.\u00a0 Jacques Salom\u00e9<\/em><\/p><\/blockquote>\n\n\n\n<h4 class=\"wp-block-heading\"><a><strong>La PNL&#8230; (Programmation Neuro Linguistique)<\/strong><strong> :<\/strong><\/a><\/h4>\n\n\n\n<blockquote class=\"wp-block-quote is-layout-flow wp-block-quote-is-layout-flow\"><p><em>\u00ab Tout comportement est un langage \u00bb <\/em>Fran\u00e7oise Dolto<\/p><\/blockquote>\n\n\n\n<blockquote class=\"wp-block-quote is-layout-flow wp-block-quote-is-layout-flow\"><p><em>\u00ab Si quelqu&rsquo;un l&rsquo;a fait, quelqu&rsquo;un d&rsquo;autre peut le faire \u00bb <\/em>Pr\u00e9suppos\u00e9 de la PNL<\/p><\/blockquote>\n\n\n\n<p>La PNL\u00a0 est le r\u00e9sultat d\u2019observations, \nd\u2019analyses r\u00e9alis\u00e9es sur des \u00ab experts \u00bb r\u00e9put\u00e9s pour leurs r\u00e9sultats\u00a0 \ndans le domaine de la communication et des relations : Freud, Jung, \nRogers, Piaget. G. Perls, V.Satir, Milton Erickson,Chomsky, Kant, \nCastaneda, Prisham, Bateson, dont certains comme Mazlow et Watzlawick, \nparticipaient aux travaux de la r\u00e9put\u00e9e \u00e9cole de Palo Alto\u2026<br\/><br\/>  \nCes experts ont permis aux cr\u00e9ateurs de la PNL d\u2019\u00e9tablir des mod\u00e8les, de\n pr\u00e9ciser des techniques de base, et de b\u00e2tir des mod\u00e8les qui regroupent\n l\u2019ensemble de ces \u00ab savoir \u00eatre \u00bb et de ces \u00ab savoir faire \u00bb.<br\/><br\/>\n  Ainsi, les techniques et outils utilis\u00e9s en PNL permettent \nd\u2019identifier comment une personne per\u00e7oit, traite, enregistre, encode, \npuis restitue une information ou un \u00e9v\u00e8nement dans le cadre relationnel :\n comportements physique, physiologique, verbal et non verbal\u2026 La PNL \npermet alors, en fonction de l\u2019objectif de cette personne et en \nrespectant sa libert\u00e9 de choix, d&rsquo;adapter ses perceptions, d&rsquo;aligner \ncertains de ses comportements, en un mot, de trouver le point critique \nqui permet gr\u00e2ce \u00e0 un simple ajustement, d\u2019obtenir le maximum de \nr\u00e9sultat en bout de ligne\u2026 Tout l\u2018art de la PNL consistera donc \u00e0 guider\n la personne vers la d\u00e9couverte de ce point critique, \u00e0 d\u00e9finir le \ncomment de sa propre correction, pour ensuite l\u2019aider \u00e0 franchir le pas,\n apr\u00e8s avoir v\u00e9rifi\u00e9 toutes les cons\u00e9quences potentielles de cette \n\u00e9volution (\u00e9cologie).<\/p>\n\n\n\n<h4 class=\"wp-block-heading\"><a><strong>L&rsquo;auto hypnose ericksonienne<\/strong><\/a><\/h4>\n\n\n\n<blockquote class=\"wp-block-quote is-layout-flow wp-block-quote-is-layout-flow\"><p><strong><em><em>\u00ab<\/em>Le corps et l\u2019esprit sont des processus syst\u00e9miques<em>\u00bb<\/em>. Gregory Bateson<\/em><\/strong><\/p><\/blockquote>\n\n\n\n<p>L\u2019hypnose est un \u00e9tat naturel de \nconscience modifi\u00e9e (ENCM), un \u00e9tat de \u00ab r\u00eaverie \u00bb tr\u00e8s courant (se \ntrouver entre deux \u00e9tats) et dans lequel nous entrons plusieurs fois par\n jour spontan\u00e9ment et inconsciemment, lors d\u2019une lecture , d\u2019une \n\u00e9mission de t\u00e9l\u00e9vision qui nous fascine, en conduisant sa voiture, etc. \nNous sommes alors d\u00e9connect\u00e9s de la r\u00e9alit\u00e9 environnante, tout en \u00e9tant \npr\u00e9sent \u00e0 la fois ici et ailleurs! C\u2019est dans cet \u00e9tat de r\u00eaverie que \nl\u2019on se trouve en \u00e9tant en transe hypnotique.<br\/><br\/>  L\u2019ENCM tr\u00e8s \nutile, car il permet d\u2019utiliser chez un participant cette facult\u00e9 \nnaturelle \u00e0 entrer dans un \u00e9tat auto-hypnotique qui est un ph\u00e9nom\u00e8ne \nnormal et spontan\u00e9. L\u2019objectif du <strong>coaching de vie humaniste<\/strong> est d&rsquo;enseigner au participant, <strong>de fa\u00e7on p\u00e9dagogique<\/strong>,\u00a0 \u00e0 utiliser des outils d&rsquo;autohypnose ericksonienne et de la PNL en soutien \u00e0 la M\u00e9thode ESPERE<strong>\u00ae<\/strong>\u00a0 lui permettant\u00a0 d&rsquo;exp\u00e9rimenter\u00a0 et de tirer profit \u00e0 son rythme de cet effet physiologique naturel et sans effet secondaire.<br\/><br\/>  Le participant ne perd jamais le contr\u00f4le de la situation , ni de son libre arbitre.<br\/><br\/>\n  les techniques \u00e9l\u00e9mentaires de l&rsquo;autohypnose ericksonienne vont lui \npermettre d&rsquo;acc\u00e8der \u00e0 ses propres solutions et \u00e0 ses ressources \nprofondes. Le participant peut alors \u00e9voluer par lui m\u00eame vers une \nr\u00e9ponse aux probl\u00e8mes et aux difficult\u00e9s v\u00e9cues dans ses relations.<br\/><br\/>\n  L&rsquo;autohypnose ericksonienne consiste \u00e0 utiliser des \u00e9tats d&rsquo;\u00e9vidence \nissues de la PNL, de la M\u00e9thode ESPERE, du mod\u00e8le de Milton, de \nm\u00e9taphores vivantes, etc. pour amener un paricipant \u00e0 redonner un sens \n\u00e0\u00a0 des \u00e9v\u00e9nements ou des apprentissages qui n&rsquo;en n&rsquo;ont plus pour \nlui&#8230;et ainsi lui permettre de reb\u00e2tir de fa\u00e7on naterelle son estime de\n soi et sa confiance en lui, afin de retrouver une motivation qui va \nl&rsquo;inciter \u00e0 remettre plus de vie dans sa vie.<br\/><br\/>  Dans le cadre du <strong>coaching de vie humaniste<\/strong>,\n la visualisation externe de la situation v\u00e9cue, les ancrages positifs, \nles recadrages,\u00a0 les symbolisations, les d\u00e9marches symboliques de tous \nordres, les m\u00e9taphores sont quelques uns des outils \u00e0 vertu auto \nhypnotique propos\u00e9s au(x) participant(s)\u00a0\u00a0 comme outils \nd&rsquo;auto-d\u00e9veloppement dans leur d\u00e9marche.<\/p>\n","protected":false},"excerpt":{"rendered":"<p>La communication relationnelle selon la M\u00e9thode ESPERE\u00ae de Jacques Salom\u00e9 Le but de cette M\u00e9thode essentiellement p\u00e9dagogique est de d\u00e9mystifier le syst\u00e8me de communication dans lequel nous vivons depuis toujours et de nous permettre de nous \u00e9loigner de ses effets pervers. Il s\u2019agit effectivement d\u2019un \u00ab\u00a0syst\u00e8me\u00a0\u00bb que l\u2019on peut qualifier d\u2019ancestral car il s\u2019est construit [&hellip;]<\/p>\n","protected":false},"author":3,"featured_media":0,"parent":0,"menu_order":0,"comment_status":"closed","ping_status":"closed","template":"","meta":{"footnotes":""},"class_list":["post-15","page","type-page","status-publish","hentry"],"jetpack_sharing_enabled":true,"_links":{"self":[{"href":"https:\/\/www.bernarddumez.com\/oser-com\/wp-json\/wp\/v2\/pages\/15","targetHints":{"allow":["GET"]}}],"collection":[{"href":"https:\/\/www.bernarddumez.com\/oser-com\/wp-json\/wp\/v2\/pages"}],"about":[{"href":"https:\/\/www.bernarddumez.com\/oser-com\/wp-json\/wp\/v2\/types\/page"}],"author":[{"embeddable":true,"href":"https:\/\/www.bernarddumez.com\/oser-com\/wp-json\/wp\/v2\/users\/3"}],"replies":[{"embeddable":true,"href":"https:\/\/www.bernarddumez.com\/oser-com\/wp-json\/wp\/v2\/comments?post=15"}],"version-history":[{"count":1,"href":"https:\/\/www.bernarddumez.com\/oser-com\/wp-json\/wp\/v2\/pages\/15\/revisions"}],"predecessor-version":[{"id":16,"href":"https:\/\/www.bernarddumez.com\/oser-com\/wp-json\/wp\/v2\/pages\/15\/revisions\/16"}],"wp:attachment":[{"href":"https:\/\/www.bernarddumez.com\/oser-com\/wp-json\/wp\/v2\/media?parent=15"}],"curies":[{"name":"wp","href":"https:\/\/api.w.org\/{rel}","templated":true}]}}